 base 3
21021210
What is -1002032 (base 4) in base 9?
-5728
What is 27a (base 14) in base 16?
1f4
Convert -1245 (base 9) to base 16.
-3a4
What is -89a (base 11) in base 12?
-759
1032110 (base 4) to base 11
3847
-10110111111100 (base 2) to base 13
-5487
-1060 (base 14) to base 11
-2141
Convert 438 (base 15) to base 5.
12303
Convert 15600 (base 7) to base 15.
1490
-41581 (base 9) to base 13
-c658
Convert -1608 (base 15) to base 13.
-2201
Convert 2347 (base 13) to base 11.
37aa
Convert 737 (base 13) to base 7.
3404
What is 11111110000110 (base 2) in base 15?
4c42
23233 (base 4) to base 5
11001
What is -15301 (base 6) in base 5?
-34420
-1725 (base 12) to base 15
-c45
What is 450 (base 13) in base 12?
519
199 (base 16) to base 15
1c4
What is 1002112221 (base 3) in base 14?
7bcc
What is 356 (base 8) in base 13?
154
Convert 12120 (base 5) to base 12.
63a
63763 (base 8) to base 3
1100111121
-503 (base 14) to base 12
-69b
What is 12202111 (base 3) in base 11?
3177
26bb2 (base 12) to base 15
10d08
211210 (base 3) to base 4
21213
-5323 (base 7) to base 10
-1879
7353 (base 10) to base 11
5585
Convert 22320 (base 13) to base 8.
171141
Convert 20102 (base 5) to base 3.
1202022
Convert 16492 (base 11) to base 13.
a747
-219a (base 15) to base 3
-100202201
7a (base 11) to base 16
57
-10010110111000 (base 2) to base 7
-40103
Convert 2122013 (base 4) to base 15.
2dc8
-1441 (base 8) to base 12
-569
Convert 112500 (base 6) to base 8.
22724
Convert 15275 (base 10) to base 8.
35653
11010010101110 (base 2) to base 14
4cb4
Convert -14232 (base 10) to base 11.
-a769
-13013 (base 8) to base 11
-4270
7317 (base 8) to base 16
ecf
Convert -9293 (base 12) to base 15.
-4ad6
Convert 4df (base 16) to base 12.
87b
What is -1211120 (base 3) in base 2?
-10100111010
-749 (base 12) to base 2
-10000101001
c98 (base 16) to base 15
e4e
-8820 (base 9) to base 16
-1962
Convert 2b0 (base 14) to base 5.
4141
What is -322211 (base 4) in base 6?
-25205
What is 705 (base 12) in base 10?
1013
What is -304513 (base 6) in base 3?
-1020110000
What is -11100010 (base 2) in base 8?
-342
Convert -880 (base 12) to base 16.
-4e0
-12348 (base 10) to base 16
-303c
Convert -1ec (base 15) to base 7.
-1206
What is -32451 (base 6) in base 4?
-1012033
What is 1040 (base 9) in base 4?
23331
What is 52260 (base 8) in base 10?
21680
Convert a96 (base 15) to base 6.
15023
Convert 1378c (base 14) to base 10.
48144
Convert 204 (base 7) to base 3.
10210
Convert -1336 (base 10) to base 3.
-1211111
16a5 (base 11) to base 10
2172
Convert 56 (base 12) to base 11.
60
Convert -10126 (base 10) to base 7.
-41344
-9a4 (base 13) to base 9
-2238
Convert -1953 (base 11) to base 15.
-b03
-874 (base 10) to base 5
-11444
Convert 21201 (base 5) to base 2.
10110010010
What is 1100001101100 (base 2) in base 16?
186c
What is 1146a (base 13) in base 3?
1121020111
What is -1001111 (base 2) in base 5?
-304
What is -52c1 (base 16) in base 7?
-115523
What is 18668 (base 13) in base 5?
3002422
Convert -11002111 (base 3) to base 2.
-101110100111
Convert -131124 (base 5) to base 13.
-2473
What is -47228 (base 10) in base 13?
-1865c
-135 (base 11) to base 9
-186
-8322 (base 10) to base 13
-3a32
Convert e1e (base 16) to base 10.
3614
10b3 (base 16) to base 14
17b5
Convert 32680 (base 9) to base 6.
244243
What is -1221 (base 3) in base 7?
-103
-54705 (base 8) to base 3
-1011112011
-643d (base 15) to base 13
-9865
Convert -22320022 (base 4) to base 11.
-30524
10238 (base 11) to base 2
11101001001100
50a8 (base 11) to base 9
10255
What is 111200 (base 3) in base 2?
101110001
What is 147 (base 14) in base 7?
520
What is -1100010110010 (base 2) in base 13?
-2b54
What is -14ca (base 15) in base 6?
-32401
What is -35 (base 14) in base 8?
-57
-300 (base 13) to base 10
-507
What is 21020020 (base 3) in base 14?
1cc7
768 (base 10) to base 12
540
What is 9607 (base 10) in base 8?
22607
What is 2489 (base 10) in base 9?
3365
Convert -111120 (base 3) to base 7.
-1032
100010001001100 (base 2) to base 7
101655
Convert 4345 (base 8) to base 11.
1790
Convert 301113 (base 5) to base 10.
9533
What is -202211 (base 4) in base 15?
-9c8
What is -32113 (base 4) in base 3?
-1021001
What is -2616 (base 14) in base 13?
-3072
-14b2 (base 12) to base 5
-34223
356 (base 11) to base 14
224
Convert 94b9 (base 13) to base 14.
7717
Convert -3311032 (base 4) to base 9.
-23467
What is 46b (base 13) in base 11?
636
-20250 (base 6) to base 3
-10200210
What is 22612 (base 14) in base 11?
57820
What is -12233 (base 4) in base 11?
-362
What is 1094 (base 10) in base 3?
1111112
-1000110 (base 2) to base 14
-50
Convert 162 (base 9) to base 7.
254
-4c3 (base 15) to base 3
-1111010
What is -32131 (base 4) in base 13?
-562
-15c86 (base 15) to base 13
-26019
What is -80a6 (base 13) in base 3?
-220022000
-3144 (base 9) to base 10
-2308
1033013 (base 5) to base 9
26470
Convert 38b2 (base 12) to base 7.
24602
What is 1001000000 (base 2) in base 3?
210100
What is 110111 (base 3) in base 16?
151
What is -1025 (base 8) in base 7?
-1361
-1581 (base 10) to base 9
-2146
-19 (base 13) to base 7
-31
Convert -28c (base 15) to base 12.
-406
Convert -656 (base 15) to base 7.
-4113
Convert -4032 (base 16) to base 13.
-7632
-260 (base 13) to base 5
-3131
What is 4158 (base 10) in base 5?
113113
What is -27824 (base 9) in base 12?
-ab27
164 (base 12) to base 2
11011100
Convert 40214 (base 5) to base 6.
15503
-11111001010110 (base 2) to base 4
-3321112
Convert 76a6 (base 12) to base 8.
31436
Convert -323 (base 7) to base 5.
-1124
14 (base 6) to base 14
a
What is 8bb (base 16) in base 8?
4273
-13de (base 15) to base 8
-10243
What is -100101011 (base 2) in base 6?
-1215
What is 15003 (base 7) in base 5?
112434
What is -4012 (base 9) in base 5?
-43202
-25245 (base 6) to base 3
-12011202
Convert -2a67 (base 12) to base 16.
-136f
Convert -12201110 (base 3) to base 4.
-1001022
Convert 3758 (base 9) to base 10.
2807
Convert 662 (base 12) to base 3.
1021202
Convert 229 (base 11) to base 4.
10101
Convert -1140 (base 6) to base 9.
-336
What is a38c (base 14) in base 10?
28152
What is 1203200 (base 4) in base 12?
3828
What is 41026 (base 7) in base 12?
5927
Convert -2430 (base 5) to base 10.
-365
What is 828 (base 12) in base 8?
2240
13a3 (base 11) to base 12
1067
Convert 3402 (base 13) to base 6.
53353
What is -222222 (base 3) in base 9?
-888
What is -8ab (base 13) in base 16?
-5d5
3a0b (base 14) to base 6
115123
-2120224 (base 5) to base 2
-1000101101101001
Convert -3513 (base 6) to base 7.
-2304
Convert -237 (base 15) to base 8.
-766
What is -52502 (base 6) in base 5?
-211334
Convert -1b5 (base 13) to base 7.
-632
What is 12102 (base 3) in base 2?
10010010
32e (base 15) to base 6
3155
-2b63 (base 13) to base 5
-200314
Convert 1431 (base 7) to base 3.
202210
What is -134504 (base 6) in base 3?
-122102211
Convert 1c8 (base 14) to base 7.
1041
What is 4438 (base 10) in base 6?
32314
-2225 (base 7) to base 8
-1443
-101 (base 8) to base 10
-65
-1010 (base 11) to base 2
-10100111110
2112010112 (base 3) to base 7
264542
Convert 2584 (base 9) to base 15.
894
What is -1001000100001001 (base 2) in base 12?
-195a1
Convert -401414 (base 5) to base 7.
-52061
-1100011000111100 (base 2) to base 5
-3110443
-64 (base 12) to base 14
-56
Convert 188 (base 15) to base 5.
2403
Convert 121211 (base 3) to base 2.
111000110
What is -4488 (base 13) in base 10?
-9576
What is 396 (base 10) in base 4?
12030
-109 (base 14) to base 4
-3031
What is -411265 (base 7) in base 16?
-111e5
-45113 (base 6) to base 4
-1202211
What is -1201210 (base 3) in base 11?
-a49
Convert -131541 (base 7) to base 13.
-b295
222213 (base 4) to base 2
101010100111
Convert a6ab (base 13) to base 12.
11471
3557 (base 9) to base 2
101001010100
-111001110 (base 2) to base 8
-716
-2cc (base 13) to base 10
-506
Convert 10010100100011111 (base 2) to base 16.
1291f
What is -100122131 (base 4) in base 8?
-203235
-11111021 (base 3) to base 7
-12355
Convert -4a6 (base 13) to base 11.
-679
-1100101011010 (base 2) to base 16
-195a
What is -102 (base 14) in base 12?
-146
What is a60 (base 11) in base 15?
5a1
Convert 1db (base 16) to base 11.
3a2
What is 4753 (base 8) in base 15?
b44
What is 1120100 (base 3) in base 6?
5143
What is -10010010000000 (base 2) in base 8?
-22200
Wh